 o**2 + o - 16. Determine x(-4).
-4
Let d(s) = 9*s + 54. Give d(-6).
0
Let c(o) = -2*o - 10. Give c(6).
-22
Let d(z) = z**2 - 16*z + 7. Determine d(12).
-41
Let b(f) = f**3 + f**2 - f - 22. Determine b(0).
-22
Let m(y) = -26*y**2. Calculate m(1).
-26
Let v(s) = -s**3 - 43*s**2 - 47*s - 213. Determine v(-42).
-3
Let a(i) = -2*i**3 - 12*i**2 + 8*i + 42. What is a(-6)?
-6
Let h(m) = m**3 - 10*m**2 - 10*m - 11. Give h(11).
0
Let w(r) = -4*r - 9. Calculate w(6).
-33
Let a(p) = -2*p**3 - p**2 + 8*p + 11. What is a(-2)?
7
Let z(k) = -5*k**3 - 1. Give z(1).
-6
Let u(y) = -y**3 - 12*y**2 + 13*y - 38. Give u(-13).
-38
Let c(p) = -2*p**2 - 3*p + 5. Calculate c(2).
-9
Let n(p) = 25*p + 901. Give n(-36).
1
Let o(g) = -g**2 - 5*g - 4. Calculate o(-5).
-4
Let c(d) = 85*d + 518. Calculate c(-6).
8
Let a(h) = -15*h**2 - 97*h + 7. Give a(-7).
-49
Let t(o) = o - 3. Determine t(-2).
-5
Let v(z) = -z**2 - 9*z - 10. Give v(-6).
8
Let b(p) = -p**3 + 31*p**2 - 186*p + 8. Calculate b(8).
-8
Let n(w) = w**3 - 5*w**2 + 6. Give n(3).
-12
Let z(k) = 7*k**2 - 4*k + 7. Give z(3).
58
Let c(t) = 8*t**2 + 73*t. What is c(-9)?
-9
Let s(y) = -3*y + 13. What is s(6)?
-5
Let w(n) = -n**2 - 4*n - 3. Calculate w(-5).
-8
Let b(m) = m**3 - 7*m**2 - 6*m + 9. What is b(8)?
25
Let r(a) = -46*a**2 + 9*a + 9. What is r(-1)?
-46
Let b(y) = -2*y + 12. What is b(13)?
-14
Let o(k) = k**2 + 7*k - 41. Give o(-11).
3
Let j(w) = -18*w + 151. Give j(5).
61
Let t(k) = -k**3 + 3*k**2 + 2*k - 7. Give t(3).
-1
Let j(k) = 2*k + 29. Give j(-13).
3
Let g(y) = y + 7. Determine g(-6).
1
Let x(k) = -3*k + 5. Determine x(1).
2
Let p(i) = -i**3 - 10*i**2 - 22*i - 13. Calculate p(-7).
-6
Let p(l) = 17*l - 5. Calculate p(1).
12
Let x(b) = b**2 + 2*b - 3. Calculate x(-3).
0
Let j(s) = -s**2 + 7*s + 7. Give j(8).
-1
Let q(v) = -v**3 - 7*v**2 + 10*v + 8. Calculate q(-8).
-8
Let r(x) = -4*x - 3. Determine r(-3).
9
Let n(d) = 220*d - 228. Calculate n(1).
-8
Let d(k) = -2*k - 18. Determine d(-8).
-2
Let p(a) = a**3 - 7*a**2 + 2*a - 2. Give p(7).
12
Let m(b) = b**3 + 13*b**2 + 12*b + 2. What is m(-12)?
2
Let b(a) = a**2 - 8*a - 1. Determine b(9).
8
Let j(w) = -w + 9. Determine j(4).
5
Let x(l) = -14*l - 6. Calculate x(-2).
22
Let z(d) = 2*d**3 + 7*d**2 - 9*d - 13. Calculate z(-4).
7
Let n(q) = -q**2 + 10*q - 26. Determine n(5).
-1
Let x(n) = -5*n**2 - 49*n + 10. Calculate x(-10).
0
Let y(h) = -5*h**3 + 3*h**2 - h + 2. Determine y(2).
-28
Let r(q) = 18*q**3 - q**2 + 1. Determine r(1).
18
Let z(v) = -7*v + 2. Calculate z(-4).
30
Let u(w) = -5*w**2 - 2*w + 2. Calculate u(2).
-22
Let j(o) = -o**2 + 17*o + 41. Calculate j(-2).
3
Let c(o) = o**2 + 24*o - 7. Determine c(-25).
18
Let p(r) = -r**3 + 43*r**2 - 6*r + 248. What is p(43)?
-10
Let m(x) = x**3 - 21*x**2 - 46*x - 22. What is m(23)?
-22
Let m(f) = 4*f. What is m(10)?
40
Let s(g) = -g**3 + 44*g**2 - 78*g - 252. Determine s(42).
0
Let m(p) = -p**3 + 5*p**2 + 6*p - 5. Determine m(6).
-5
Let n(v) = v**3 - 9*v**2 + 16*v + 9. Determine n(8).
73
Let c(p) = 2*p + 96. What is c(-43)?
10
Let p(s) = -s**3 - 3*s**2 + 2*s + 1. Give p(-3).
-5
Let l(u) = -u**3 - 2*u + 2. What is l(0)?
2
Let p(z) = -2*z + 28. Give p(3).
22
Let c(h) = 2*h**3 - 5*h**2 - 4*h. What is c(3)?
-3
Let b(g) = -22*g - 40. Calculate b(-4).
48
Let g(c) = 42*c + 293. Calculate g(-7).
-1
Let o(f) = -2*f**2 - 35*f + 7. Calculate o(-17).
24
Let z(m) = m**3 + 5*m**2 - m + 3. Determine z(-6).
-27
Let p(l) = l**3 + l**2 + 6*l + 8. What is p(-2)?
-8
Let p(k) = 107*k + 724. Determine p(-7).
-25
Let v(r) = -4*r + 8. What is v(-11)?
52
Let h(q) = 5*q**2 + 12*q + 3. Calculate h(-4).
35
Let o(s) = 6*s + 28. Determine o(0).
28
Let w(r) = -r + 23. Give w(22).
1
Let k(y) = 5*y - 11. What is k(-7)?
-46
Let p(g) = g**2 - 64*g + 123. Calculate p(2).
-1
Let y(h) = 2*h**2 + 37*h - 160. Determine y(-22).
-6
Let n(z) = 11*z**3 + 2*z + 1. What is n(-1)?
-12
Let y(g) = -2*g**2 + 9*g + 13. Give y(8).
-43
Let r(u) = -2*u**2 - 2*u - 1. What is r(-6)?
-61
Let z(w) = w**3 - 15*w**2 - 17*w + 10. Give z(16).
-6
Let s(c) = 18*c + 37. Give s(-6).
-71
Let k(o) = -o**3 + 5*o**2 + 15*o - 8. Calculate k(7).
-1
Let y(s) = -3*s + 4. Determine y(-3).
13
Let v(c) = -c**3 - 8*c**2 + 6*c - 30. What is v(-9)?
-3
Let n(m) = -m**3 + 17*m**2 + 39*m - 11. Give n(19).
8
Let a(x) = -x + 3. Determine a(7).
-4
Let g(r) = r**3 - 3*r**2 - 23*r + 4. What is g(6)?
-26
Let a(m) = -25*m + 74. Give a(3).
-1
Let r(g) = g**2 - 30*g + 78. Give r(27).
-3
Let u(y) = 7*y**2 - 2*y + 5. What is u(3)?
62
Let m(g) = 2*g**2 + 25*g + 16. What is m(-12)?
4
Let j(z) = 3*z - 83. What is j(29)?
4
Let k(q) = -q**3 - 6*q**2 - 4*q - 7. Determine k(-6).
17
Let a(t) = 2*t**3 - t - 1. Calculate a(-1).
-2
Let x(i) = 29*i - 207. Determine x(7).
-4
Let b(l) = -16*l + 160. Give b(10).
0
Let h(c) = -c**2 + 7*c + 9. What is h(-2)?
-9
Let h(u) = u**2 - 56*u + 426. Calculate h(9).
3
Let v(y) = 8*y - 6. Give v(1).
2
Let w(b) = 7*b + 11. Determine w(-2).
-3
Let k(n) = -2*n + 112. Calculate k(25).
62
Let x(b) = 12*b**2 - 71*b - 5. What is x(6)?
1
Let o(c) = 77*c**3 - 3*c - 2. What is o(-1)?
-76
Let l(b) = -2*b**2 - 10*b - 9. Calculate l(-8).
-57
Let a(s) = -10*s. Calculate a(-7).
70
Let c(q) = -2*q**3 + 2*q**2 - 2. What is c(1)?
-2
Let j(k) = -36*k + 150. Give j(4).
6
Let h(z) = -4*z**2 + 12*z + 27. Give h(-2).
-13
Let i(u) = 3*u**3 - 5*u**2 + 2. What is i(-1)?
-6
Let l(c) = -145*c + 2. Determine l(-1).
147
Let z(q) = q**3 - 11*q**2 + 27*q - 74. Determine z(9).
7
Let q(z) = z**3 - 6*z**2 + 6*z - 2. Give q(4).
-10
Let w(a) = -a**3 + 2*a - 2. Give w(2).
-6
Let j(d) = -14*d - 37. Give j(-3).
5
Let z(f) = 7*f - 5. Calculate z(-4).
-33
Let w(m) = -m**3 - 4*m**2 + 10. What is w(-3)?
1
Let a(p) = -p**3 - 7*p**2 - 7*p. What is a(-5)?
-15
Let o(a) = 46*a**3 + 2*a**2 - a. Determine o(1).
47
Let c(t) = 13*t - 43. What is c(10)?
87
Let z(f) = -7*f + 91. Determine z(13).
0
Let y(r) = r**2 + 6*r - 2. What is y(-3)?
-11
Let o(a) = a**2 + 15*a - 21. Give o(-9).
-75
Let c(a) = -30*a**2 + 4*a - 2. Determine c(1).
-28
Let x(z) = -z**3 + 18*z + 21. What is x(-4)?
13
Let q(n) = 64*n - 896. What is q(14)?
0
Let b(i) = 3*i - 6. Determine b(-8).
-30
Let f(o) = o**3 + 7*o**2 + o - 9. Determine f(-7).
-16
Let v(y) = -28*y**3 - y**2 + 2*y - 3. Calculate v(1).
-30
Let m(j) = j**3 - 25*j**2 + 26*j - 51. Determine m(24).
-3
Let f(n) = -3*n**2 + 18*n + 9. Determine f(8).
-39
Let t(r) = r**2 + 5*r - 1. Determine t(-7).
13
Let q(r) = r**3 + 8*r**2 + 2*r + 5. Determine q(-8).
-11
Let t(n) = -8*n**2 + 3*n + 1. What is t(-2)?
-37
Let x(d) = d + 1. Give x(7).
8
Let x(u) = -20*u**2 + 5*u - 5. Give x(1).
-20
Let k(g) = -g**3 - 8*g**2 - 41*g - 53. Give k(-2).
5
Let q(s) = -s**3 - 3*s**2 + 6*s + 5. Determine q(-4).
-3
Let f(j) = -39*j - 546. Determine f(-14).
0
Let g(a) = 16*a + 17. Give g(-5).
-63
Let m(a) = -a**3 - 3*a**2 - 3*a - 3. Give m(-2).
-1
Let k(b) = -8*b - 7. What is k(-2)?
9
Let j(i) = -12*i**2 - 86*i - 17. Determine j(-7).
-3
Let f(k) = -3*k**2 + 9*k - 4. What is f(6)?
-58
Let h(i) = -2*i**3 + 4*i - 1. Give h(3).
-43
Let v(q) = -q**3 + 11*q**2 - 18*q - 8. Calculate v(9).
-8
Let r(y) = 2*y**3 + 53*y**2 + 27*y + 12. Give r(-26).
-14
Let v(t) = -25*t - 228. Give v(-9).
-3
Let v(u) = -2*u**3 + 9*u**2 - 2*u - 1. Give v(4).
7
Let s(w) = w**2 + 4*w - 1. Determine s(3).
20
Let p(d) = -18*d + 14. Determine p(6).
-94
Let q(k) = k**3 + 15*k**2 + 13*k - 15. Calculate q(-14).
-1
Let y(b) = b**3 + 8*b**2 - 31*b + 22. Calculate y(-11).
0
Let l(w) = -112*w - 229. Calculate l(-2).
-5
Let y(o) = o**3 + 7*o**2 + 5*o + 2. What is y(-6)?
8
Let q(c) = 2*c**3 - 31*c**2 + 83*c + 20. Give q(12).
8
Let k(d) = -14*d - 109. What is k(-7)?
-11
Let o(x) = -x**2 + 2*x + 1. Determine o(2).
1
Let p(x) = x**3 - 2*x**2 - 4*x - 4. Give p(3).
-7
Let q(g) = -g**3 + g**2 + g - 2. What is q(2)?
-4
Let h(s) = -3*s**2 + 3*s - 2. What is h(3)?
-20
Let p(m) = m**3 - 7*m**2 - 7*m + 11. What is p(8)?
19
Let h(o) = -o**3 - 8*o**2 + 13*o + 23. Determine h(-9).
-13
Let v(l) = -l**2 + 4*l + 4. Determine v(-6).
-56
Let g(a) = -2*a**2 - 12*a - 1. Determine g(-3).
17
Let y(f) = -f**3 + 6*f**2 + 4. Calculate y(6).
4
Let w(b) = -b**3 + 4*b**2 + b - 9. Determine w(4).
-5
Let u(h) = -37*h + 117. Determine u(3).
6
Let f(a) = -a**3 - 5*a**2 + 2*a. Determine f(-5).
-10
Let b(a) = 6*a**